{"id":19,"date":"2023-09-21T14:10:43","date_gmt":"2023-09-21T14:10:43","guid":{"rendered":"https:\/\/simultan.org\/2023?page_id=19"},"modified":"2023-10-17T09:18:25","modified_gmt":"2023-10-17T09:18:25","slug":"info","status":"publish","type":"page","link":"https:\/\/simultan.org\/2023\/info\/","title":{"rendered":"INFO"},"content":{"rendered":"\n<hr class=\"wp-block-separator has-alpha-channel-opacity\"\/>\n\n\n\n<p><strong>SIMULTAN FESTIVAL XVIII<br><em>\u2014 OSCILA\u021aII: Lucruri de re\u021binut<\/em><\/strong><\/p>\n\n\n\n<p>5 \u2014 8 OCT 2023 MultipleXity, Timi\u0219oara RO<\/p>\n\n\n\n<hr class=\"wp-block-separator has-alpha-channel-opacity is-style-default\"\/>\n\n\n\n<p><\/p>\n\n\n\n<p>Cea de-a XVIII-a edi\u021bie a Festivalului SIMULTAN se va desf\u0103\u0219ura \u00een perioada 5-8 octombrie 2023 la Timi\u0219oara \u00een spa\u021biile MX (Muzeul Corneliu Miklo\u0219i \u0219i fostele ateliere STPT).<\/p>\n\n\n\n<p>Constituit anual \u00een jurul unei tematici, festivalul Simultan \u00ee\u0219i propune s\u0103 exploreze \u0219i s\u0103 pun\u0103 \u00een discu\u021bie diverse aspecte ale societ\u0103\u021bii \u0219i ale vie\u021bii individuale influen\u021bate de tehnologie, s\u0103 eviden\u021bieze modul \u00een care arti\u0219tii r\u0103spund provoc\u0103rilor vremurilor noastre \u0219i modul \u00een care percep schimb\u0103rile \u0219i \u00ee\u0219i imagineaz\u0103 viitorul.<br>Programul festivalului include o serie de evenimente \u0219i ac\u021biuni, precum performance-uri sonore \u0219i audiovizuale, proiec\u021bii de art\u0103 video, expozi\u021bii, conferin\u021be \u0219i ateliere.<\/p>\n\n\n\n<p><\/p>\n\n\n\n<p>Programul live prezint\u0103 arti\u0219ti activi \u00een domeniul artei sonore \u0219i pe scena muzicii experimentale:&nbsp; Ilpo V\u00e4is\u00e4nen, Dorit Chrysler &amp; Alberto Novello, Ana Fosca, h\u00c4K \/ Danzeisen, Cosmin Nicolae, Simina Oprescu &amp; Matei B\u0103canu, Jasmine Guffond &amp; Ilan Katin, Robert Piotrowicz, Simon Whetham, Svetlana Mara\u0161, Thomas Ankersmit, Ioana Vreme Moser, JacqNoise.<\/p>\n\n\n\n<p><\/p>\n\n\n\n<p>SIMULTAN 2023 se desf\u0103\u0219oar\u0103 sub tema <strong><em>OSCILA\u021aII: Lucruri de re\u021binut<\/em><\/strong><\/p>\n\n\n\n<p><em>\u00cen cacofonia modern\u0103 a vie\u021bii, tehnologia apare ca o sabie cu dou\u0103 t\u0103i\u0219uri, orchestr\u00e2nd o rela\u021bie complex\u0103 cu natura, informa\u021bia, via\u021ba de zi cu zi, memoria \u0219i a\u0219a mai departe. \u00cen timp ce promite comoditate \u0219i progres, prezen\u021ba sa persistent\u0103 \u0219i intruziunea neobosit\u0103 ridic\u0103 preocup\u0103ri profunde cu privire la eroziunea experien\u021belor \u0219i amintirilor autentice umane. Ritmurile naturale ale existen\u021bei \u0219i autenticitatea interac\u021biunii umane devin distorsionate de substitutele virtuale.<\/em><\/p>\n\n\n\n<p><em>Oscila\u021bia serve\u0219te ca principiu fundamental \u00een \u00een\u021belegerea \u0219i interac\u021biunea cu lumea noastr\u0103. De la cele mai mici vibra\u021bii atomice la cele mai mari mi\u0219c\u0103ri cosmice, oscila\u021bia modeleaz\u0103 experien\u021bele noastre, comunicarea \u0219i progresele tehnologice. Recunoa\u0219terea importan\u021bei oscila\u021biei \u00een via\u021ba noastr\u0103 poate aprofunda aprecierea noastr\u0103 pentru complexitatea \u0219i frumuse\u021bea fenomenelor naturale \u0219i tehnologice care ne \u00eenconjoar\u0103. Sim\u021burile noastre, cum ar fi vederea, auzul \u0219i atingerea, se bazeaz\u0103 pe modele oscilatorii pentru a interpreta lumea din jurul nostru. Limba \u0219i sistemele de comunicare se bazeaz\u0103 pe modele, fie \u00een forma cuvintelor vorbite, a textului scris sau a semnelor. Interac\u021biunile noastre implic\u0103 adesea indicii oscilatorii subtile, cum ar fi limbajul corpului, expresiile faciale \u0219i gesturile. Aceste semnale non-verbale transmit emo\u021bii, inten\u021bii \u0219i atitudini, contribuind la comunicarea eficient\u0103 \u0219i la formarea leg\u0103turilor sociale. [\u2026]<\/em><br>(extras din textul curatorial, Levente Kozma)<br><br><\/p>\n\n\n\n<hr class=\"wp-block-separator has-alpha-channel-opacity\"\/>\n\n\n\n<p>Organizator: <a href=\"https:\/\/www.simultan.org\/\">SIMULTAN.org<\/a><br><br>Proiectul face parte din Programul Cultural Na\u021bional \u201e<a href=\"https:\/\/timisoara2023.eu\/ro\/\" target=\"_blank\" rel=\"noreferrer noopener\">Timi\u0219oara &#8211; Capital\u0103 European\u0103 a Culturii \u00een 2023<\/a>\u201d \u0219i este finan\u021bat prin intermediul programului European Echoes, implementat de Centrul de Proiecte al Municipiului Timi\u0219oara, cu sume alocate de la bugetul de stat, prin bugetul Ministerului Culturii. Organizat \u00een parteneriat cu Municipiul Timi\u0219oara prin <a href=\"https:\/\/centruldeproiecte.ro\/\" target=\"_blank\" rel=\"noreferrer noopener\">Centrul de Proiecte<\/a>.<br><br>Parteneri organiza\u021bionali: <a href=\"https:\/\/marginal.ro\/\" target=\"_blank\" rel=\"noreferrer noopener\">MARGINAL<\/a> \/  <a href=\"http:\/\/motamuseum.com\/\" target=\"_blank\" rel=\"noreferrer noopener\">MoTA &#8211; Museum of Transitory Arts<\/a> \/ <a href=\"https:\/\/obsolete.studio\/\" target=\"_blank\" rel=\"noreferrer noopener\">OBSOLETE Studio<\/a><br><br>Parteneri media: <a href=\"https:\/\/www.guerrillaradio.ro\/\" target=\"_blank\" rel=\"noreferrer noopener\">Radio Guerrilla<\/a> \/ <a href=\"https:\/\/revistaarta.ro\/ro\/\" target=\"_blank\" rel=\"noreferrer noopener\">Revista Arta<\/a><br><br><\/p>\n\n\n\n<hr class=\"wp-block-separator has-alpha-channel-opacity\"\/>\n\n\n\n<p><\/p>\n","protected":false},"excerpt":{"rendered":"<p>SIMULTAN FESTIVAL XVIII\u2014 OSCILA\u021aII: Lucruri de re\u021binut 5 \u2014 8 OCT 2023 MultipleXity, Timi\u0219oara RO Cea de-a XVIII-a edi\u021bie a Festivalului SIMULTAN se va desf\u0103\u0219ura \u00een perioada 5-8 octombrie 2023 la Timi\u0219oara \u00een spa\u021biile MX (Muzeul Corneliu Miklo\u0219i \u0219i fostele ateliere STPT). Constituit anual \u00een jurul unei tematici, festivalul Simultan \u00ee\u0219i propune s\u0103 exploreze \u0219i [&hellip;]<\/p>\n","protected":false},"author":4,"featured_media":347,"parent":0,"menu_order":0,"comment_status":"closed","ping_status":"closed","template":"","meta":{"_acf_changed":false,"footnotes":""},"class_list":["post-19","page","type-page","status-publish","has-post-thumbnail","hentry"],"acf":[],"_links":{"self":[{"href":"https:\/\/simultan.org\/2023\/wp-json\/wp\/v2\/pages\/19","targetHints":{"allow":["GET"]}}],"collection":[{"href":"https:\/\/simultan.org\/2023\/wp-json\/wp\/v2\/pages"}],"about":[{"href":"https:\/\/simultan.org\/2023\/wp-json\/wp\/v2\/types\/page"}],"author":[{"embeddable":true,"href":"https:\/\/simultan.org\/2023\/wp-json\/wp\/v2\/users\/4"}],"replies":[{"embeddable":true,"href":"https:\/\/simultan.org\/2023\/wp-json\/wp\/v2\/comments?post=19"}],"version-history":[{"count":13,"href":"https:\/\/simultan.org\/2023\/wp-json\/wp\/v2\/pages\/19\/revisions"}],"predecessor-version":[{"id":785,"href":"https:\/\/simultan.org\/2023\/wp-json\/wp\/v2\/pages\/19\/revisions\/785"}],"wp:featuredmedia":[{"embeddable":true,"href":"https:\/\/simultan.org\/2023\/wp-json\/wp\/v2\/media\/347"}],"wp:attachment":[{"href":"https:\/\/simultan.org\/2023\/wp-json\/wp\/v2\/media?parent=19"}],"curies":[{"name":"wp","href":"https:\/\/api.w.org\/{rel}","templated":true}]}}