{"id":660,"date":"2023-10-01T10:15:42","date_gmt":"2023-10-01T10:15:42","guid":{"rendered":"https:\/\/simultan.org\/2023\/?page_id=660"},"modified":"2023-10-02T22:34:40","modified_gmt":"2023-10-02T22:34:40","slug":"bilete","status":"publish","type":"page","link":"https:\/\/simultan.org\/2023\/bilete\/","title":{"rendered":"BILETE"},"content":{"rendered":"\n<hr class=\"wp-block-separator has-alpha-channel-opacity\"\/>\n\n\n\n<p><br>PROGRAMUL EXPOZI\u021aIONAL \u0218I PROIEC\u021aII &#8211; ACCES GRATUIT<\/p>\n\n\n\n<p><br><strong>PROGRAMUL LIVE \/ CONCERTE<\/strong> *<br>&#8211; 20 LEI \/ SEAR\u0102<br>&#8211; 50 LEI \/ ABONAMENT PE 4 ZILE<br>&#8211; acces gratuit pentru copiii sub 14 ani<br><br>* bilete \u0219i abonamente se achizi\u021bioneaz\u0103 la intrarea Muzeului Corneliu Miklosi, \u00eencep\u00e2nd cu ora 19:30<\/p>\n","protected":false},"excerpt":{"rendered":"<p>PROGRAMUL EXPOZI\u021aIONAL \u0218I PROIEC\u021aII &#8211; ACCES GRATUIT PROGRAMUL LIVE \/ CONCERTE *&#8211; 20 LEI \/ SEAR\u0102&#8211; 50 LEI \/ ABONAMENT PE 4 ZILE&#8211; acces gratuit pentru copiii sub 14 ani * bilete \u0219i abonamente se achizi\u021bioneaz\u0103 la intrarea Muzeului Corneliu Miklosi, \u00eencep\u00e2nd cu ora 19:30<\/p>\n","protected":false},"author":2,"featured_media":347,"parent":0,"menu_order":0,"comment_status":"closed","ping_status":"closed","template":"","meta":{"_acf_changed":false,"footnotes":""},"class_list":["post-660","page","type-page","status-publish","has-post-thumbnail","hentry"],"acf":[],"_links":{"self":[{"href":"https:\/\/simultan.org\/2023\/wp-json\/wp\/v2\/pages\/660","targetHints":{"allow":["GET"]}}],"collection":[{"href":"https:\/\/simultan.org\/2023\/wp-json\/wp\/v2\/pages"}],"about":[{"href":"https:\/\/simultan.org\/2023\/wp-json\/wp\/v2\/types\/page"}],"author":[{"embeddable":true,"href":"https:\/\/simultan.org\/2023\/wp-json\/wp\/v2\/users\/2"}],"replies":[{"embeddable":true,"href":"https:\/\/simultan.org\/2023\/wp-json\/wp\/v2\/comments?post=660"}],"version-history":[{"count":9,"href":"https:\/\/simultan.org\/2023\/wp-json\/wp\/v2\/pages\/660\/revisions"}],"predecessor-version":[{"id":749,"href":"https:\/\/simultan.org\/2023\/wp-json\/wp\/v2\/pages\/660\/revisions\/749"}],"wp:featuredmedia":[{"embeddable":true,"href":"https:\/\/simultan.org\/2023\/wp-json\/wp\/v2\/media\/347"}],"wp:attachment":[{"href":"https:\/\/simultan.org\/2023\/wp-json\/wp\/v2\/media?parent=660"}],"curies":[{"name":"wp","href":"https:\/\/api.w.org\/{rel}","templated":true}]}}